t is the remainder when h is divided by 32?
30
Let j = -21 - -23. Suppose -74 = -j*s - 0*s. What is the remainder when s is divided by 10?
7
Let d(n) = -n**3 + 11*n**2 - 11*n - 4. Let y be d(10). Let a(c) = -3*c - 27. Calculate the remainder when a(y) is divided by 6.
3
Let o(g) = 2*g**3 + 5*g**2 + g + 3. Let d(a) = -2*a**3 - 5*a**2 - a - 4. Let x(s) = -6*d(s) - 7*o(s). What is the remainder when x(-5) is divided by 15?
13
Suppose 4*g - 4*f - 268 = 0, -5*f = -3*g - 4 + 211. Suppose -r + g + 46 = 0. Calculate the remainder when r is divided by 28.
26
Let w(y) = y**3 + y**2 + 17*y + 9. What is the remainder when 1356 is divided by w(0)?
6
Let n = 1833 - 1247. Calculate the remainder when n is divided by 84.
82
Suppose 25*m - 48*m = -828. Suppose d - 2*c - 17 = 0, -2*c - 1 - 1 = 0. Calculate the remainder when m is divided by d.
6
Let s(l) = -l**3 - l**2 - 4*l + 1. Suppose 8 = -f - 1. Let k = 8 - f. Calculate the remainder when s(-4) is divided by k.
14
Suppose 2*p + 2*q = 20, -24 = -5*p + q - 4. Calculate the remainder when 23 is divided by p.
3
Let k be (-5 - 5)*2/(-5)*-1. Calculate the remainder when 2 + k + (47 - (-4)/2) is divided by 16.
15
What is the remainder when 25 is divided by -10 - -15 - (-1)/(-1) - -3?
4
Let h = -49 - -51. Suppose -2*x + 34 = -h*m, -2*m = x - 8 - 6. Calculate the remainder when x is divided by (-1)/(2/(-20)*1).
6
Suppose 233 = -7*j + 583. Calculate the remainder when j is divided by 20.
10
Suppose -3*f + 3 + 6 = 0. Suppose -2*m = -f - 15. Suppose -2*b - m = -59. What is the remainder when b is divided by 7?
4
Suppose 4*z + 4*n - 810 = -z, -5*z + 4*n + 770 = 0. Calculate the remainder when z is divided by 35.
18
Let p(i) = 11*i - 5. Let s(j) = 17*j - 8. Let q(x) = -8*p(x) + 5*s(x). What is the remainder when 3 + 26/8*4 is divided by q(-2)?
4
Suppose 0 = 4*p - 68 - 120. Let n = 84 - p. Let z = 705 + -685. What is the remainder when n is divided by z?
17
Let r(c) = -c - 21. Let i be r(11). Let b = -28 - i. Let l(p) = -p**2 - 7*p + 3. What is the remainder when l(-4) is divided by b?
3
Let z = 11036 - 11009. Suppose -2*l + 0*l + 270 = 2*b, 0 = b - 5*l - 123. What is the remainder when b is divided by z?
25
Let t = -637 + 682. What is the remainder when 274 is divided by t?
4
Suppose -3*i + 169 - 55 = 0. What is the remainder when i is divided by 21?
17
Suppose 0 = 2*g + 3*d - 3277, -2*g - 6*d = -5*d - 3287. What is the remainder when g is divided by 150?
146
Suppose 5*b - 35 = -5*f, -4*f - 21 - 6 = -b. Suppose 5*o + 30 = 10. What is the remainder when b is divided by (-5 - (-2 - o))*-1?
4
Let o(w) = 2*w**3 + 2*w**2 - 8*w + 11. Suppose -2*n = -r - 69, -5*r - 129 = n - 5*n. What is the remainder when n is divided by o(2)?
17
What is the remainder when 266 is divided by (134/3)/(5/(-15) - -1)?
65
Suppose -2*p - 39 = 3*u, 5*p - u = -36 - 70. Calculate the remainder when 108 is divided by (-9)/p - 772/(-28).
24
Suppose -230 = 30*p - 40*p. What is the remainder when 42 is divided by p?
19
Suppose -3*p = -p + 5*d + 9, -56 = 3*p - d. Let w = p + 89. What is the remainder when w is divided by 25?
22
Let t = 173 - 134. Suppose -5*q = -128 - 7. Let o = q + -7. What is the remainder when t is divided by o?
19
Let k = -1921 - -2038. What is the remainder when k is divided by 53?
11
Let l = -545 + 559. Calculate the remainder when 40 is divided by l.
12
Suppose -23*b = -20*b. Suppose -8*t - t + 396 = b. Calculate the remainder when t is divided by 15.
14
Suppose -15*p = 5*p - 260. Calculate the remainder when p is divided by 10.
3
Suppose 0 = 4*j - 6*j + 50. Let z = 29 - j. Suppose b - 58 = -z*g, 4*b = -0*b + 8. What is the remainder when g is divided by 10?
4
Suppose 5*c - 37 = -4*k + 42, 2*k = c + 29. Calculate the remainder when 79 is divided by k.
15
Suppose 19*g - 1933 = -52. What is the remainder when g is divided by 5?
4
Suppose -3*o - 13 = 44. Let p = 13 - o. Let j = -27 + p. What is the remainder when 18 is divided by j?
3
Let r(j) = j**2 - 18*j - 9. What is the remainder when r(-3) is divided by 5?
4
What is the remainder when 317 is divided by -1 - (-5 + -9 + -10)?
18
Let i(j) = -27*j**3 - 2*j**2 - 3*j - 3. Calculate the remainder when 26 is divided by i(-1).
1
Let r = 35 + 0. What is the remainder when r is divided by 39/4*120/90?
9
Suppose r - 5*u - 13 = 0, 42*u - 47*u = -4*r + 22. What is the remainder when 10 is divided by r?
1
Suppose 9*y = 10*y - 51. What is the remainder when 108 is divided by y?
6
Let a(h) = 35*h - 44. What is the remainder when 92 is divided by a(2)?
14
Let z = -263 + 269. Calculate the remainder when 26 is divided by z.
2
Calculate the remainder when ((-1770)/50)/((-3)/15) is divided by 88.
1
Let q = 178 + -53. Suppose 0 = 4*v + 5*g - 127, -5*v + q = -8*g + 3*g. What is the remainder when (0 + 3/2)*v is divided by 15?
12
Suppose 6*n - 7*n + 5*b = -12, 0 = 5*n + 5*b. Suppose j - 14 = -m + 12, n*m - 10 = 0. Calculate the remainder when j is divided by 8.
5
Suppose -2*i = -5*s - 39, 4*i = -0*s - s + 67. Suppose 9*o = 4*o + 10. Calculate the remainder when (-157)/(-5) + ((-12)/15)/o is divided by i.
14
Let m(x) = -6*x**3 - 2*x**2 - x. Let k be m(-1). Suppose 4*h = -5*j + 109, k*j - 40 + 117 = 2*h. What is the remainder when h is divided by 12?
7
Let n be (4/(-5))/(24/(-60)). Suppose -z + 10 = -14. Suppose -3*o + z = -3*p, 0 = -4*o - 5*p + n*p + 11. What is the remainder when 8 is divided by o?
3
Let j be (3 + -9)/(6/(-296)). Suppose 168 = t - j. What is the remainder when 6/(-4)*t/(-12) is divided by 15?
13
Suppose 24 = -10*m + 54. Suppose -2*a - m*p + 8 = -0, -2*a + 12 = 2*p. Let x(o) = 10*o - 2. What is the remainder when x(5) is divided by a?
8
Let i = -120 + 37. Let t = -48 - i. Calculate the remainder when 137 is divided by t.
32
Suppose b = -3*v + 3, 3*b + 3 = -3*v - 0*v. Suppose 4*l - 118 = -v*u + 2, -2*u - 48 = -2*l. What is the remainder when l is divided by 12?
4
Suppose -g = -3*i + 283, -i = 4*i + g - 461. Suppose -34 = -0*k - 2*k. Let r = k - 1. What is the remainder when i is divided by r?
13
Suppose 3*d + q = -2*q + 105, 0 = 5*d + 4*q - 174. Let o(y) = -5 + 19 + 5*y - 2. What is the remainder when d is divided by o(0)?
10
Let h(w) be the third derivative of w**6/120 - w**5/6 - 3*w**4/8 - 7*w**3/3 + w**2. Let l = 8 + 3. What is the remainder when 13 is divided by h(l)?
5
Suppose -5*h + 8*h - 1650 = 0. Suppose -13*t = -6*t - 210. What is the remainder when 35 is divided by h/t - (-2)/3?
16
Let j = -785 - -816. What is the remainder when 61 is divided by j?
30
Suppose 35*j = 39*j - 220. What is the remainder when 215 is divided by j?
50
Suppose 6*l + 342 = 492. Calculate the remainder when l is divided by 12.
1
Let m = 133 - 80. Suppose 3*z - v = -2*z + 328, z = -4*v + m. What is the remainder when z is divided by 17?
14
Let o(p) be the second derivative of p**5/20 + 7*p**4/12 + 2*p**2 + 8*p. What is the remainder when 14 is divided by o(-7)?
2
Suppose 4*v - 157 = a + 2*a, -v + 37 = -3*a. Let t = 73 + v. Calculate the remainder when t is divided by 38.
37
Let u(k) = 2*k**3 - 9*k**2 + 6*k - 3. Suppose -y = -1, 5*d - 4*y + 0*y + 29 = 0. Let x = 9 + d. Calculate the remainder when u(x) is divided by 2.
1
Suppose -3*d = -4*u + 241, -5*d + 46 - 3 = u. Suppose -3*a = -a - u. What is the remainder when a is divided by 15?
14
Let s = -272 + 654. What is the remainder when s is divided by 96?
94
Suppose -6*b = -9*b. Suppose b = 4*y - 2*y - 28. Suppose -4*c = o - 5*c - 1, -c + y = 4*o. What is the remainder when 5 is divided by o?
2
Let p = 42 + -23. Calculate the remainder when 993/18 + (-3)/18 is divided by p.
17
Let n(l) = 2*l**3 - 12*l**2 + 7. Let g be n(6). Suppose 0 = g*o - 2*o - 25. Calculate the remainder when o is divided by 3.
2
Suppose 28 = 4*n + 2*m, n + m + 2 = -4*m. Let c(h) = -h**2 - 2*h. Let q be c(-4). Let t(s) = -2*s - 1. What is the remainder when t(q) is divided by n?
7
Suppose 0 = -0*f + 2*f + n - 7, 0 = 2*f - 2*n - 10. What is the remainder when f - 17/(-1)*3 is divided by 29?
26
Let k(a) = 4*a**3 - a**2 - 4*a - 3. Let w be k(-2). Let s = w - -170. What is the remainder when s is divided by 18?
13
Let c be (-1)/3 + 32/6 - 3. Suppose 0 = -m - c*m + 201. Calculate the remainder when m is divided by 34.
33
Suppose 3*f - 120 = -2*n, -7 = 3*f - 3*n - 112. What is the remainder 